{"id":2719,"date":"2025-04-22T08:47:32","date_gmt":"2025-04-22T08:47:32","guid":{"rendered":"https:\/\/villains-massy.com\/?page_id=2719"},"modified":"2025-05-31T07:28:25","modified_gmt":"2025-05-31T07:28:25","slug":"accueil","status":"publish","type":"page","link":"https:\/\/villains-massy.com\/","title":{"rendered":"Accueil"},"content":{"rendered":"\n<p class=\"eplus-wrapper\"><strong>Bienvenue..choristes des Villains de Massy<\/strong><\/p>\n\n\n\n<div class=\"wp-block-group ticss-0900a79a eplus-wrapper padding_left margin_left is-vertical is-layout-flex wp-container-core-group-is-layout-8cf370e7 wp-block-group-is-layout-flex\">\n<ul style=\"line-height:2.2\" class=\"wp-block-list ticss-ab2fe612 eplus-wrapper\">\n<li class=\"eplus-wrapper\">Utiliser ce BLOG pour \u00e9changer vos id\u00e9es:<\/li>\n\n\n\n<li class=\"eplus-wrapper has-bright-blue-color has-text-color has-link-color wp-elements-f1a1852c8d9e42d1cd2e677067f35e02\" style=\"line-height:2.1\"><em><strong>S\u00e9lectionner une Cat\u00e9gorie, un article dans cette cat\u00e9gorie et Ajouter Votre cocommentaire.<\/strong><\/em><\/li>\n\n\n\n<li class=\"eplus-wrapper has-bright-red-color has-text-color has-link-color wp-elements-91818375b498b85e0f0a1265b06ae21f\"><em>Vous pouvez aussi soumettre votre propre article<\/em><\/li>\n<\/ul>\n<\/div>\n\n\n\n<div style=\"height:27px\" aria-hidden=\"true\" class=\"wp-block-spacer eplus-wrapper\"><\/div>\n\n\n\n<hr class=\"wp-block-separator has-text-color has-dark-gray-color has-alpha-channel-opacity has-dark-gray-background-color has-background is-style-wide eplus-wrapper\"\/>\n\n\n\n<div class=\"wp-block-group eplus-wrapper is-vertical is-nowrap is-layout-flex wp-container-core-group-is-layout-cb4b0539 wp-block-group-is-layout-flex\" style=\"padding-top:var(--wp--preset--spacing--30);padding-right:var(--wp--preset--spacing--40);padding-bottom:var(--wp--preset--spacing--30);padding-left:var(--wp--preset--spacing--40);line-height:2.6\">\n<h3 class=\"wp-block-heading ticss-9769215f text_red eplus-wrapper\">Cat\u00e9gories de BLOG<\/h3>\n\n\n<ul class=\"wp-block-categories-list padding_left wp-block-categories has-medium-font-size\">\t<li class=\"cat-item cat-item-30\"><a href=\"https:\/\/villains-massy.com\/?cat=30\">Association<\/a>\n<\/li>\n\t<li class=\"cat-item cat-item-32\"><a href=\"https:\/\/villains-massy.com\/?cat=32\">Chorale Abracada&#039;Jazz<\/a>\n<\/li>\n\t<li class=\"cat-item cat-item-31\"><a href=\"https:\/\/villains-massy.com\/?cat=31\">Chorale Classique<\/a>\n<\/li>\n<\/ul>\n\n\n<div style=\"height:27px\" aria-hidden=\"true\" class=\"wp-block-spacer eplus-wrapper wp-container-content-8a389b04\"><\/div>\n<\/div>\n\n\n\n<hr class=\"wp-block-separator has-text-color has-dark-gray-color has-alpha-channel-opacity has-dark-gray-background-color has-background is-style-wide eplus-wrapper\"\/>\n\n\n\n<div class=\"wp-block-group eplus-wrapper is-vertical is-layout-flex wp-container-core-group-is-layout-e4454a93 wp-block-group-is-layout-flex\" style=\"margin-top:0;margin-bottom:0;padding-top:var(--wp--preset--spacing--30);padding-right:var(--wp--preset--spacing--40);padding-bottom:var(--wp--preset--spacing--30);padding-left:var(--wp--preset--spacing--40);line-height:2.1\">\n<h3 class=\"wp-block-heading eplus-wrapper\">Derniers Articles<\/h3>\n\n\n<ul style=\"font-size:16px;line-height:2.9; padding-top:var(--wp--preset--spacing--20);padding-bottom:var(--wp--preset--spacing--20);margin-top:0;margin-bottom:0;\" class=\"wp-block-latest-posts__list ticss-5657bff6 padding_left wp-block-latest-posts\"><li><a class=\"wp-block-latest-posts__post-title\" href=\"https:\/\/villains-massy.com\/?p=3117\">Les Concerts approchent..<\/a><\/li>\n<li><a class=\"wp-block-latest-posts__post-title\" href=\"https:\/\/villains-massy.com\/?p=2919\">Composition du  CA<\/a><\/li>\n<li><a class=\"wp-block-latest-posts__post-title\" href=\"https:\/\/villains-massy.com\/?p=2895\">Concert des 50 ANS de l&rsquo;Association<\/a><\/li>\n<li><a class=\"wp-block-latest-posts__post-title\" href=\"https:\/\/villains-massy.com\/?p=2797\">Concert des 20 ans d&rsquo;Abracada&rsquo;Jazz<\/a><\/li>\n<\/ul>\n\n\n<div style=\"height:34px\" aria-hidden=\"true\" class=\"wp-block-spacer eplus-wrapper wp-container-content-6c24486e\"><\/div>\n<\/div>\n\n\n\n<hr class=\"wp-block-separator has-alpha-channel-opacity is-style-wide eplus-wrapper\"\/>\n\n\n\n<div class=\"wp-block-group eplus-wrapper is-vertical is-layout-flex wp-container-core-group-is-layout-09ecc837 wp-block-group-is-layout-flex\" style=\"padding-top:var(--wp--preset--spacing--30);padding-right:var(--wp--preset--spacing--40);padding-bottom:var(--wp--preset--spacing--30);padding-left:var(--wp--preset--spacing--40)\">\n<h3 class=\"wp-block-heading eplus-wrapper\">Derniers Commentaires&nbsp;<\/h3>\n\n\n<ol style=\"padding-top:0;padding-bottom:0;margin-top:0;margin-bottom:0;\" class=\"has-avatars has-dates has-excerpts wp-block-latest-comments\"><li class=\"wp-block-latest-comments__comment\"><img alt='' src='https:\/\/secure.gravatar.com\/avatar\/9ca7863ffc523bad81c4c4bb6da9bb3d8ede650687a3423f95bb3e4a8ae1252b?s=48&#038;d=mm&#038;r=g' srcset='https:\/\/secure.gravatar.com\/avatar\/9ca7863ffc523bad81c4c4bb6da9bb3d8ede650687a3423f95bb3e4a8ae1252b?s=96&#038;d=mm&#038;r=g 2x' class='avatar avatar-48 photo wp-block-latest-comments__comment-avatar' height='48' width='48' \/><article><footer class=\"wp-block-latest-comments__comment-meta\"><a class=\"wp-block-latest-comments__comment-author\" href=\"https:\/\/carsofltda.com\/?51wo3d\">* * * $3,222 credit available! Confirm your transfer here: https:\/\/carsofltda.com\/?51wo3d * * * hs=0a248fd2f89e98c3041659cb2b42788a* \u0445\u0445\u0445*<\/a> sur <a class=\"wp-block-latest-comments__comment-link\" href=\"https:\/\/villains-massy.com\/?p=2797&#038;cpage=1#comment-22\">Concert des 20 ans d&rsquo;Abracada&rsquo;Jazz<\/a><time datetime=\"2026-01-13T01:50:23+00:00\" class=\"wp-block-latest-comments__comment-date\">janvier 13, 2026<\/time><\/footer><div class=\"wp-block-latest-comments__comment-excerpt\"><p>2qx2nc<\/p>\n<\/div><\/article><\/li><li class=\"wp-block-latest-comments__comment\"><img alt='' src='https:\/\/secure.gravatar.com\/avatar\/9ca7863ffc523bad81c4c4bb6da9bb3d8ede650687a3423f95bb3e4a8ae1252b?s=48&#038;d=mm&#038;r=g' srcset='https:\/\/secure.gravatar.com\/avatar\/9ca7863ffc523bad81c4c4bb6da9bb3d8ede650687a3423f95bb3e4a8ae1252b?s=96&#038;d=mm&#038;r=g 2x' class='avatar avatar-48 photo wp-block-latest-comments__comment-avatar' height='48' width='48' \/><article><footer class=\"wp-block-latest-comments__comment-meta\"><a class=\"wp-block-latest-comments__comment-author\" href=\"https:\/\/google.com\">* * * $3,222 deposit available * * * hs=0a248fd2f89e98c3041659cb2b42788a* \u0445\u0445\u0445*<\/a> sur <a class=\"wp-block-latest-comments__comment-link\" href=\"https:\/\/villains-massy.com\/?p=2797&#038;cpage=1#comment-21\">Concert des 20 ans d&rsquo;Abracada&rsquo;Jazz<\/a><time datetime=\"2025-12-26T13:21:18+00:00\" class=\"wp-block-latest-comments__comment-date\">d\u00e9cembre 26, 2025<\/time><\/footer><div class=\"wp-block-latest-comments__comment-excerpt\"><p>cfuxpm<\/p>\n<\/div><\/article><\/li><li class=\"wp-block-latest-comments__comment\"><img alt='' src='https:\/\/secure.gravatar.com\/avatar\/9ca7863ffc523bad81c4c4bb6da9bb3d8ede650687a3423f95bb3e4a8ae1252b?s=48&#038;d=mm&#038;r=g' srcset='https:\/\/secure.gravatar.com\/avatar\/9ca7863ffc523bad81c4c4bb6da9bb3d8ede650687a3423f95bb3e4a8ae1252b?s=96&#038;d=mm&#038;r=g 2x' class='avatar avatar-48 photo wp-block-latest-comments__comment-avatar' height='48' width='48' \/><article><footer class=\"wp-block-latest-comments__comment-meta\"><a class=\"wp-block-latest-comments__comment-author\" href=\"https:\/\/google.com\">* * * $3,222 payment available! Confirm your operation here: https:\/\/google.com * * * hs=0a248fd2f89e98c3041659cb2b42788a* \u0445\u0445\u0445*<\/a> sur <a class=\"wp-block-latest-comments__comment-link\" href=\"https:\/\/villains-massy.com\/?p=2797&#038;cpage=1#comment-20\">Concert des 20 ans d&rsquo;Abracada&rsquo;Jazz<\/a><time datetime=\"2025-12-26T13:20:49+00:00\" class=\"wp-block-latest-comments__comment-date\">d\u00e9cembre 26, 2025<\/time><\/footer><div class=\"wp-block-latest-comments__comment-excerpt\"><p>cfuxpm<\/p>\n<\/div><\/article><\/li><li class=\"wp-block-latest-comments__comment\"><img alt='' src='https:\/\/secure.gravatar.com\/avatar\/538d139a43c09b9ed2c5154606e16e0a0151b5bfdb6d6f3da0c049b5450a14e6?s=48&#038;d=mm&#038;r=g' srcset='https:\/\/secure.gravatar.com\/avatar\/538d139a43c09b9ed2c5154606e16e0a0151b5bfdb6d6f3da0c049b5450a14e6?s=96&#038;d=mm&#038;r=g 2x' class='avatar avatar-48 photo wp-block-latest-comments__comment-avatar' height='48' width='48' \/><article><footer class=\"wp-block-latest-comments__comment-meta\"><span class=\"wp-block-latest-comments__comment-author\">Pelletier<\/span> sur <a class=\"wp-block-latest-comments__comment-link\" href=\"https:\/\/villains-massy.com\/?p=2919&#038;cpage=1#comment-19\">Composition du  CA<\/a><time datetime=\"2025-09-15T12:10:56+00:00\" class=\"wp-block-latest-comments__comment-date\">septembre 15, 2025<\/time><\/footer><div class=\"wp-block-latest-comments__comment-excerpt\"><p>Bonjour \u00e0 tous les vilains J&rsquo;ai h\u00e2te de revenir au gravier pour r\u00e9p\u00e9ter. Je voudrais quelqu&rsquo;un qui a une voiture.&hellip;<\/p>\n<\/div><\/article><\/li><li class=\"wp-block-latest-comments__comment\"><img alt='' src='https:\/\/secure.gravatar.com\/avatar\/7e2b22367fb13e93de5d731088f0dc7691c2e4a5b2a3b361d86b30b5cf177d86?s=48&#038;d=mm&#038;r=g' srcset='https:\/\/secure.gravatar.com\/avatar\/7e2b22367fb13e93de5d731088f0dc7691c2e4a5b2a3b361d86b30b5cf177d86?s=96&#038;d=mm&#038;r=g 2x' class='avatar avatar-48 photo wp-block-latest-comments__comment-avatar' height='48' width='48' \/><article><footer class=\"wp-block-latest-comments__comment-meta\"><a class=\"wp-block-latest-comments__comment-author\" href=\"https:\/\/gokshetram.com\/index.php?0algpp\">* * * Unwrap your surprise &#8211; it is better than socks * * * hs=19b772c110d393d47e8d858cbbddab59* \u0445\u0445\u0445*<\/a> sur <a class=\"wp-block-latest-comments__comment-link\" href=\"https:\/\/villains-massy.com\/?p=2895&#038;cpage=1#comment-18\">Concert des 50 ANS de l&rsquo;Association<\/a><time datetime=\"2025-09-11T17:36:57+00:00\" class=\"wp-block-latest-comments__comment-date\">septembre 11, 2025<\/time><\/footer><div class=\"wp-block-latest-comments__comment-excerpt\"><p>rhu9rg<\/p>\n<\/div><\/article><\/li><\/ol><\/div>\n\n\n\n<p class=\"eplus-wrapper\"><\/p>\n","protected":false},"excerpt":{"rendered":"<p>Bienvenue..choristes des Villains de Massy Cat\u00e9gories de BLOG Derniers Articles Derniers Commentaires&nbsp;<\/p>\n","protected":false},"author":1,"featured_media":0,"parent":0,"menu_order":0,"comment_status":"closed","ping_status":"closed","template":"","meta":{"footnotes":""},"class_list":["post-2719","page","type-page","status-publish","hentry"],"_links":{"self":[{"href":"https:\/\/villains-massy.com\/index.php?rest_route=\/wp\/v2\/pages\/2719","targetHints":{"allow":["GET"]}}],"collection":[{"href":"https:\/\/villains-massy.com\/index.php?rest_route=\/wp\/v2\/pages"}],"about":[{"href":"https:\/\/villains-massy.com\/index.php?rest_route=\/wp\/v2\/types\/page"}],"author":[{"embeddable":true,"href":"https:\/\/villains-massy.com\/index.php?rest_route=\/wp\/v2\/users\/1"}],"replies":[{"embeddable":true,"href":"https:\/\/villains-massy.com\/index.php?rest_route=%2Fwp%2Fv2%2Fcomments&post=2719"}],"version-history":[{"count":15,"href":"https:\/\/villains-massy.com\/index.php?rest_route=\/wp\/v2\/pages\/2719\/revisions"}],"predecessor-version":[{"id":3578,"href":"https:\/\/villains-massy.com\/index.php?rest_route=\/wp\/v2\/pages\/2719\/revisions\/3578"}],"wp:attachment":[{"href":"https:\/\/villains-massy.com\/index.php?rest_route=%2Fwp%2Fv2%2Fmedia&parent=2719"}],"curies":[{"name":"wp","href":"https:\/\/api.w.org\/{rel}","templated":true}]}}